Is 21 a factor of 72701?
False
Is 950616 a multiple of 72?
True
Does 49 divide 67339?
False
Is 1285960 a multiple of 395?
False
Does 13 divide 351104?
True
Does 420 divide 981960?
True
Is 114 a factor of 335958?
True
Is 27 a factor of 2681439?
False
Is 399 a factor of 6495321?
True
Is 24 a factor of 144055?
False
Does 15 divide 38165?
False
Is 12 a factor of 119304?
True
Does 183 divide 1641510?
True
Is 105 a factor of 4785690?
True
Is 43 a factor of 524428?
True
Is 12480 a multiple of 32?
True
Is 1627784 a multiple of 19?
False
Does 16 divide 1272080?
True
Is 84 a factor of 255550?
False
Does 16 divide 1572024?
False
Does 46 divide 251966?
False
Is 213 a factor of 4033368?
True
Does 913 divide 911174?
True
Does 223 divide 1680886?
False
Is 2863599 a multiple of 24?
False
Is 28 a factor of 979748?
True
Is 11 a factor of 779983?
False
Is 913 a factor of 1294769?
False
Is 310440 a multiple of 39?
True
Is 136592 a multiple of 13?
False
Is 1126854 a multiple of 6?
True
Is 98682 a multiple of 74?
False
Is 344040 a multiple of 33?
False
Does 815 divide 2050540?
True
Is 17240 a multiple of 5?
True
Is 24 a factor of 18168?
True
Is 69232 a multiple of 16?
True
Is 210000 a multiple of 30?
True
Is 75920 a multiple of 8?
True
Is 49 a factor of 1285319?
True
Is 1630 a factor of 1354248?
False
Does 5 divide 6394?
False
Does 580 divide 9481840?
True
Does 12 divide 1230228?
True
Is 34891444 a multiple of 37?
True
Is 2552629 a multiple of 12?
False
Does 19 divide 1135102?
False
Is 17 a factor of 127281?
False
Does 301 divide 4224836?
True
Is 50 a factor of 252645?
False
Is 71 a factor of 585214?
False
Is 1176 a factor of 412776?
True
Does 28 divide 101698?
False
Does 28 divide 405776?
True
Does 17 divide 371176?
False
Does 2 divide 5181?
False
Is 295160 a multiple of 235?
True
Does 98 divide 6608532?
True
Is 2 a factor of 48853?
False
Is 2021410 a multiple of 190?
True
Does 223 divide 57757?
True
Is 38 a factor of 166211?
False
Does 148 divide 142524?
True
Is 14 a factor of 163547?
False
Is 726121 a multiple of 17?
True
Does 64 divide 21640000?
True
Is 394680 a multiple of 115?
True
Is 60 a factor of 74700?
True
Is 153 a factor of 154661?
False
Is 29540364 a multiple of 42?
True
Is 24 a factor of 101328?
True
Is 17 a factor of 230316?
True
Does 53 divide 868638?
False
Is 3 a factor of 89993?
False
Is 280723 a multiple of 111?
False
Is 115 a factor of 69264?
False
Does 38 divide 1877397?
False
Does 60 divide 72720?
True
Is 85 a factor of 787950?
True
Is 1040702 a multiple of 338?
True
Does 139 divide 61065?
False
Is 22 a factor of 6336748?
True
Is 42 a factor of 90510?
True
Does 178 divide 244750?
True
Is 61579 a multiple of 7?
True
Is 530602 a multiple of 193?
False
Is 6250585 a multiple of 25?
False
Does 65 divide 592280?
True
Does 16 divide 15984?
True
Is 7 a factor of 7780861?
False
Does 65 divide 64155?
True
Is 43 a factor of 9073627?
False
Is 571400 a multiple of 40?
True
Does 148 divide 142672?
True
Is 3 a factor of 1059?
True
Is 64082 even?
True
Does 581 divide 2955543?
False
Is 129204 a multiple of 9?
True
Does 117 divide 179244?
True
Is 12064608 a multiple of 326?
True
Is 24806337 a multiple of 14?
False
Is 13 a factor of 127105?
False
Is 396 a factor of 72864?
True
Is 494 a factor of 1256653?
False
Does 245 divide 59850?
False
Does 90 divide 60940?
False
Is 44 a factor of 1248940?
True
Does 27 divide 1219720?
False
Is 30 a factor of 30265?
False
Is 110576 a multiple of 404?
False
Is 14090 a multiple of 50?
False
Is 223 a factor of 3567554?
True
Does 56 divide 234284?
False
Does 3 divide 34332?
True
Is 22 a factor of 209330?
True
Does 8 divide 52981?
False
Does 19 divide 89376?
True
Is 801985 a multiple of 14?
False
Is 24 a factor of 8645232?
True
Is 159822 a multiple of 6?
True
Does 616 divide 2388101?
False
Is 86436 a multiple of 126?
True
Is 55 a factor of 289905?
True
Is 107 a factor of 1496856?
False
Does 16 divide 79095?
False
Is 4029780 a multiple of 6?
True
Does 3 divide 10844?
False
Is 10905200 a multiple of 886?
False
Is 957456 a multiple of 133?
False
Is 29 a factor of 459245?
False
Is 769080 a multiple of 520?
True
Is 16 a factor of 25933760?
True
Is 3088979 a multiple of 553?
False
Does 98 divide 506856?
True
Is 27 a factor of 428679?
True
Is 2 a factor of 17138?
True
Is 7635466 a multiple of 17?
False
Does 21 divide 638421?
True
Does 58 divide 96937?
False
Is 1125 a factor of 4302000?
True
Is 36 a factor of 157608?
True
Is 1331484 a multiple of 220?
False
Is 138 a factor of 9263?
False
Does 566 divide 291029?
False
Does 30 divide 12786360?
True
Is 1194 a multiple of 6?
True
Is 11 a factor of 19009?
False
Is 815540 a multiple of 121?
True
Is 107 a factor of 33277?
True
Is 125 a factor of 432250?
True
Is 229703 a multiple of 7?
False
Does 9 divide 2584574?
False
Is 29996 a multiple of 21?
False
Is 111567 a multiple of 21?
False
Is 111362 a multiple of 112?
False
Is 211172 a multiple of 131?
True
Does 10 divide 139843?
False
Is 15 a factor of 153540?
True
Is 11018376 a multiple of 391?
False
Does 9 divide 167301?
True
Is 1515350 a multiple of 25?
True
Does 59 divide 798848?
False
Does 157 divide 26780320?
False
Does 23 divide 1456866?
True
Is 468 a factor of 1284414?
False
Does 48 divide 2945662?
False
Does 1341 divide 6293313?
True
Is 461358 a multiple of 19?
True
Does 17 divide 3509854?
True
Is 65 a factor of 376241?
False
Is 12 a factor of 1705433?
False
Does 11 divide 223262?
False
Is 23 a factor of 191820?
True
Does 249 divide 50821?
False
Is 35100 a multiple of 356?
False
Does 708 divide 12442392?
True
Is 912 a factor of 1026000?
True
Is 10351712 a multiple of 2498?
True
Is 2399217 a multiple of 6?
False
Does 56 divide 2323384?
True
Is 81 a factor of 108135?
True
Is 68 a factor of 3101422?
False
Is 952928 a multiple of 194?
True
Does 8 divide 30792?
True
Is 29 a factor of 159416?
False
Does 24 divide 10863561?
False
Is 1137200 a multiple of 10?
True
Is 1082516 a multiple of 7?
False
Is 17 a factor of 536520?
True
Is 721 a factor of 316232?
False
Does 36 divide 4186103?
False
Is 1034 a factor of 649304?
False
Is 336935 a multiple of 29?
False
Is 11055 a multiple of 33?
True
Does 8 divide 160853?
False
Does 170 divide 291692?
False
Is 333 a factor of 258565?
False
Is 976 a factor of 2010560?
True
Is 8326735 a multiple of 29?
False
Does 258 divide 3564057?
False
Does 13 divide 633404?
False
Is 76 a factor of 4145724?
True
Does 19 divide 5683299?
True
Does 252 divide 2817806?
False
Does 45 divide 4304242?
False
Is 1317552 a multiple of 252?
False
Is 40333 a multiple of 7?
False
Does 48 divide 101136?
True
Does 44 divide 907192?
True
Is 261 a factor of 4367574?
True
Does 76 divide 19262808?
True
Is 3426611 a multiple of 29?
True
Is 64767 a multiple of 88?
False
Is 223408 a multiple of 21?
False
Is 4997304 a multiple of 52?
True
Is 1502 a factor of 16250487?
False
Is 18 a factor of 92682?
True
Is 61763 a multiple of 53?
False
Does 1098 divide 3158946?
True
Is 218160 a multiple of 202?
True
Does 24 divide 122419?
False
Does 56 divide 129360?
True
Does 119 divide 51646?
True
Does 322 divide 1149479?
False
Is 16 a factor of 6360206?
False
Is 138020 a multiple of 103?
True
Is 32 a factor of 101248?
True
Is 1185101 a multiple of 20?
False
Is 8696065 a multiple of 963?
False
Is 27 a factor of 10569340?
False
Is 16 a factor of 3249856?
True
Is 65929 a multiple of 6?
False
Does 5 divide 39390?
True
Is 304 a factor of 195499?
False
Is 36 a factor of 101250?
False
Is 74035 a multiple of 67?
True
Does 70 divide 13502230?
True
Is 27638 a multiple of 26?
True
Is 39 a factor of 29796?
True
Is 1054871 a multiple of 26?
False
Is 1061442 a multiple of 541?
True
Is 44 a factor of 133817?
False
Is 598289 a multiple of 67?
False
Is 1358976 a multiple of 367?
False
Is 10056976 a multiple of 8?
True
Is 151 a factor of 54778?
False
Does 13 divide 1878903?
True
Is 8735238 a multiple of 51?
False
Is 1559636 a multiple of 674?
True
Is 80459 a multiple of 2?
False
Does 16 divide 11673600?
True
Is 14 a factor of 2745120?
True
Does 15 divide 46548?
False
Is 407581 a multiple of 14?
False
Is 125 a factor of 147000?
True
Does 165 divide 81015?
True
Is 1453367 a multiple of 19?
True
Does 324 divide 4046282?
False
Is 244992 a multiple of 58?
True
Is 8574370 a multiple